he value of ((-84 - -58) + 56 - 131) + (0 - -2 - 4)?
-103
Evaluate -232 - -255 - ((23 - 2) + -4).
6
What is the value of 0 - (1 + 1 + -72 + 11)?
59
Evaluate -9 + 1 + 2 + -4 + (11 - (28 - 10)).
-17
What is the value of 51 + -42 + (-38 - -106) + (-12 - 0)?
65
-3 - 4 - (-328 - -304) - 80
-63
-24 + (59 - -5) + -84
-44
Calculate 11 + (33 - -73) + -10.
107
(2 - -26) + (-956 - -933) - 40
-35
What is the value of 5 - -107 - (18 - (2 - 1) - (-242 + 247))?
100
Calculate -4 - (4 + -2 - (6 - -4) - (32 + -29)).
7
What is -3 + 75 - (2 + -11 - -3 - (-1 - 5))?
72
What is (1004 - 1049) + (1 - -27) - 3?
-20
26 + (-2 - (0 - 0)) - (634 - 620)
10
Calculate 50 + -21 - 22 - 19 - 57.
-69
Evaluate 12 - (-5 - -4 - (5 + -16)) - -15.
17
Evaluate (295 - 300) + (0 - ((-3 - -34) + 1)).
-37
What is the value of 24 + -44 + 8 + 4 + -12?
-20
What is -10 + 7 - (-3 + 1 + -4)?
3
-6 - 2 - (87 + -70 + 35 + 1)
-61
-8 + 95 - (439 - 265)
-87
What is the value of -50 + (-20 + 29 + -23 - -26)?
-38
Evaluate (155 - 173) + (-9 + 2 - -40).
15
What is the value of 13 + (9 + -19 - 2) + 0 + 54 + 4?
59
Evaluate 83 + -86 + 10 + -1 + -2 + -5 + 56.
55
What is the value of -56 + 134 + -65 + -5?
8
Calculate -36 + (4 - (8 + -16)) + 7.
-17
-23 + 91 + -131 + 177
114
What is (-2 + 19 - -4 - 21) + 40?
40
Evaluate (-137 - (-292 - -25)) + -142.
-12
Evaluate 47 + (-86 - -45) - -77.
83
What is the value of 144 + (64 - 74) + -1 + 0 + 10 + -9?
134
What is the value of (-20 + 1 - (-244 + 224)) + 41?
42
Evaluate 246 + -66 + -159 - (-1 - 128).
150
Evaluate 0 + (-8 - 38) + 6 + -9.
-49
-51 + 38 - -31 - (-1 - 31)
50
Evaluate -68 - -146 - 105 - (19 + 1).
-47
Calculate (30 - (-14 + 17 - -12)) + 1 + -7.
9
Calculate 155 - ((-16 - -9) + 24 - -28).
110
What is the value of 6 - 25 - (90 + -114)?
5
-21 + (40 + -36 - (1 + 7 - 7))
-18
What is the value of -391 + 398 + (0 - -26) + -72?
-39
Evaluate 30 - (-38 + 17 + 5 + -37).
83
Calculate (3 - 7) + 13 + (-57 - 0) + 596 + -578.
-30
Calculate 10 + (-163 - -152 - (-18 - 0) - -62 - -1).
80
What is the value of -15 - (-8 - (-1 - -2) - (261 - (412 + -30)))?
-127
-77 - (9 + 25 + -46 + -4 + 4 + 23)
-88
What is the value of -23 + 31 + -4 + -19?
-15
What is 1 + -2 + 5 + -2 - (646 - 646) - -33?
35
Calculate (-13 + -4 + 12 - -8) + -43.
-40
What is the value of 40 - (5 + (-5 - 9 - (1 + -19)))?
31
Calculate -49 - (33 + (24 - 131)).
25
-27 - ((0 - -11) + (0 - -9) + -11)
-36
What is ((14 - (8 - 5)) + -3 - -5) + -1 + 7?
19
Evaluate -5 - 10 - -78 - (8 + 6) - (-1 - -8).
42
What is (33 + -15 - 12) + (-5 + 2 + -2 - -37)?
38
What is the value of (-126 - -56) + 9 - -57?
-4
Evaluate -9 - 2 - (5 + -45 + 3).
26
(30 - ((-1 - -1) + 4)) + -8
18
-1 - -60 - (37048 - 37053)
64
What is -56 - (-20 + -3 + -12)?
-21
Evaluate 17 + -15 - (-16 + 44).
-26
What is (-9 - ((9 - 3) + (-15 - -5))) + -9 + -1?
-15
What is the value of (-64 - -81) + 10 + -10 + -4?
13
What is the value of ((17 - 14 - 13) + 10 - -19) + 57?
76
(-2 + 10 + 14 + -31 - -145) + 1
137
What is the value of -1 + -11 + -10 + 9 + (1 - -17)?
5
-41 - (-6 + (1 - -1) + 22 + -26)
-33
What is (2 - (0 - (4 - -3))) + 3 - (14 + -20)?
18
Evaluate (64 - 78) + 119 - 107.
-2
What is -14 + -21 + 53 + 3 - (4 + -2)?
19
Evaluate (21 - -13) + -15 - (-6 - (24 - 45)).
4
What is the value of -63 - (9 - 15 - (18 + -30 - (-9 - -2)))?
-62
-26 + 56 + -75 + (8 - 1)
-38
Evaluate -17 - ((545 - 558) + (-3 + 20 - 3)).
-18
What is 70 + -53 + -56 + 70?
31
What is the value of 167 - ((-22 - 24) + 158)?
55
Calculate 65 + -89 + 27 + (-2 - (0 + 33)).
-32
Calculate -72 - 0 - (-11255 + 11236).
-53
What is the value of (7 + -38 - -17) + 8 + -35?
-41
23 + (18 - 0 - (101 + (-115 - -14)))
41
What is the value of (-9 - (-5 + (4 - 7) + 9)) + -3?
-13
What is 1 - (-45 - (-2 + -9 + 12) - 1)?
48
Calculate 43 - (-17 + 8 + 6).
46
What is -17 + (14 - 10) - -152 - 30?
109
What is 18 + (22 - (-18 + 49)) + -13 + 100 + -2?
94
Calculate 313 - 275 - (-116 + 17).
137
-3 - 3 - (-92 - (2 + (10 - 32)))
66
Calculate (-35 - -38 - 8) + (-20 - (-2 + 2)).
-25
Calculate -123 - (-351 + 138 + -9).
99
Evaluate 61 + 63 + -176 + 70.
18
What is 90 + -104 + 15 - (83 - 3)?
-79
Calculate 9 + 12 - (-2 - -33) - -58.
48
What is the value of (6 - 74 - -24) + -3?
-47
Evaluate (523 - 578) + (2 - -127).
74
Evaluate 18 + 1 + -94 + -143 + 245.
27
What is the value of (-36 + -5 - -27) + (10 - 3)?
-7
What is the value of -55 - (-59 + 8) - (-1 - 18)?
15
61 - (37 + 64 - 14)
-26
What is the value of -6 + (3 + 23 - (-13 + (22 - 13)))?
24
What is 13 - ((-55 - -79) + 24)?
-35
Evaluate -6 - ((-8 - -16) + -27 + 21 - -60).
-68
41 + 47 + -113 + (0 - 26)
-51
Evaluate -76 + -30 - (-111 - 29).
34
Evaluate 9 - (124 + (-123 - -37)).
-29
What is 536 + -540 - (67 - (1 - (1 + -3)))?
-68
What is -3 + 10 + -273 + 239 + (1 - -2) + 0?
-24
Calculate -23 - (3 + (2 - ((0 - 2) + (-11 - -5)))).
-36
Calculate -155 + 145 + 7 + -13 + -43.
-59
Calculate (-5 - ((4 + -2 - 62 - -3) + -3)) + -1.
54
(25 - (-60 - -40)) + 10
55
Evaluate (-2 - (-21 + -4)) + 50 + 16 + -103.
-14
38 + -7 - 18 - (66 - 1)
-52
Evaluate -1 - -20 - -6 - (2 - (-15 - -2)) - -69.
79
Calculate (19 - -3) + 50 + -31.
41
What is the value of -7 - (-5 - 2 - -10) - -6 - 25?
-29
Calculate 16 - (36 + -20) - -12 - (-1 - (-87 - 2)).
-76
What is -49 + (-46 - -29) - -15?
-51
Evaluate -70 + 150 + -101 + (-1 - (0 - -10)).
-32
72 - 82 - ((-66 - -16) + (-3 - -1))
42
Evaluate -16 - ((-17 - 0) + (-9 - -45) + -105).
70
What is 184 + -145 + 0 + -18?
21
-199 - -60 - (-459 - -256)
64
What is -10 + 11 - (108 - 86)?
-21
What is the value of -2 + (0 - -1) + -26 + -125 + 55?
-97
What is the value of (7 + 1 - -2) + 146 + -315 + 101?
-58
Evaluate 230 - 177 - (50 + 2).
1
-16 - -14 - (-3 - 9 - 30)
40
Calculate -40 + 0 - (148 - 81 - 70).
-37
Evaluate (2 - 4 - -2) + -94 - (22 - 13) - -12.
-91
Evaluate 18 - 3 - (266 - 230).
-21
(6 - (78 - (8 - 15) - 5)) + -25 + 31
-68
(26 - -8) + -1 + (-12 - -20) + (-15 - -6)
32
What is 90 + (-16 + (-1 - -2) - (-261 + 201 - -49))?
86
Calculate -169 + 161 - -15 - (0 + (1 - (-2 + 0))).
4
What is (-23 - -19) + 36 + -4 + -15?
13
0 - (20 + -15) - 26 - -83
52
8 + 0 + (-88 - (59 - 81))
-58
What is the value of -2871 + 2916 + -82 + 0?
-37
Calculate -11 + 0 + 40 + -28 + 53 + -4.
50
(10504 - 10558) + (-1 - -14)
-41
Evaluate (61 + 3 - 18) + -55.
-9
What is the value of 77 - (-1 + 2 + -9 + -9 + 31)?
63
Calculate 16 + (12 - (-12 + -43)) - (7 + -7 + 5).
78
What is the value of -7 - -18 - ((-104 - -10) + 20 + -41)?
126
What is the value of -38 - 1 - (-10 - (10 - 20))?
-39
Calculate (-128 - -186) + -72 + -1 + 11.
-4
Evaluate (5 + 0 + -21 - (-70 - -56)) + 24.
22
Calculate 24 + -13 + 14 - 7 - -20.
38
Evaluate -22 + 0 + (-18 - 12 - -49).
-3
What is 70 - (-10 + -28 + 114)?
-6
What is the value of 1 + (-75 - 0) + (-66 - -4 - -14) + 36?
-86
What is the value of 846 + -815 - (-12 + (1 - 2))?
44
What is 210 + -213 - (-2 + (0 - (-3 - 1)) - 94)?
89
Evaluate -42 + -5 + (4 - -11) + -2 + 2 + -11.
-43
(-19 - (10 - -26)) + 95
40
What is 6 + 2 - (845 - 741)?
-96
Evaluate (23 - (-30 + 47) - 22) + -10.
-26
24 + 1 - (157 + -149 - -80)
-63
Calculate (-107 - (6 - 15)) + -10 + (-3 - -11 - -8).
-92
What is the value of -162 + 128 + (15 - -18 - -1)?
0
What is (20 - 27) + -8 + (-15 - 45)?
-75
Calculate (45 + 17 + -20 + -15 - 1) + -20.
6
What is 59 - 39 - (-12 - (8 - 2))?
38
What is the value of -91 + 2 - ((9 - ((15 - -4) + -4)) + -5)?
-78
What is the value of 0 - (-7 + -4) - (-15 - (-34 + 16 - 61))?
-53
-5 + (-30 - -9 - (-54 + -2))
30
6 + 1 + (1 - 2) - (-363 - -374) - -11
6
What is the value of 13 - 3 - -8 - (8 - (14 + 4))?
28
-4 + (88 - -4) + -95
-7
What is the value of 5 + 3 + -1 + 35 + 5 + -89?
-42
(-160 - (-59 - 33)) + 176
108
Calculate -48 - (-372 + 383 - ((0 - 3) + -1)).
-63
(43 + 4 - 108) + -43 + 10
-94
What is 9 + -24 + 96 + -76?
5
202 + -156 - (53 + -3)
-4
What is -8 + (-15 - -14) + -2 + 1 + (32 - -3)?
25
What is -19 + 379 + -371 + 9 + 0?
-2
5 + -14 + (8 - -5 - 23)
-19
What is the value of -2 + 57 + (-14 - (-4 + (33 - 58)))?
70
Calculate -15 - (-96 - (23 + -68)).
36
Calculate 5 + -2 + 22 + -13 + -3 - (13 - 0).
-4
Evaluate -27 + (22 - (26 - 31)).
0
What is the value of -2017 - -2078 - (-1 + 26) - 113?
-77
Calculate 28 + (167 - 170 - (-2 - (3 + 5))) - 3.
32
Evaluate 59 + -2 - (8 + -9 + 25).
33
-116 + 90 + -15 + 82
41
What is 105 + -1